ate 22 - 22 - (29 + -10).
-19
Evaluate 202 + -177 + (12 - 0) - 16.
21
What is -4 + 2 + (-31 - -7) + 14?
-12
Calculate 6 + -5 + (7 - 9 - -12).
11
What is the value of (17 - 16) + (-4 + 8 - 8) + 10?
7
What is -7 - ((143 - 131) + -22 + -1)?
4
18 - ((-6 - -2) + 3 - (-11 + 5))
13
Calculate 136 + -91 - (-2 + 19 + 1 + -6).
33
Evaluate (14 - 4) + -5 + 17 + -12.
10
-9 - ((-1 - 2 - -2) + (0 - -6))
-14
Calculate -49 - -64 - (0 + 21).
-6
Evaluate (-27 - -1) + (-1 - -13 - (22 + -17)).
-19
0 - (13 + (14 - 25) + 16)
-18
What is (8 - (2 - (-5 + -4 + 9))) + 1?
7
What is (-44 - (-40 + 20)) + 8?
-16
Evaluate 11 + (0 - 1) - (15 + 84 + -62).
-27
What is 15 - (18 - 4) - (1 - -4)?
-4
Evaluate (-27 - (-7 - 35)) + -5 + -3 + 6.
13
Evaluate -29 + -1 + 7 + 22.
-1
Evaluate 3 + 5 + (-5 - ((4 - 5) + -6)).
10
What is the value of (-1 - (-5 - 6)) + 6 + -9 + -3?
4
What is the value of -1 + (-3 - (-26 - -12))?
10
What is -33 - (-1 + -12) - -26?
6
28 - -1 - (-125 + 157)
-3
Evaluate -6 - (24 - (2 + 14)).
-14
-9 - ((2 - 8 - -17) + (9 - 34))
5
-3 - ((1 - (1 - -3)) + 32 + -36)
4
What is -18 + 3 + -3 + 5 + 39 + -37?
-11
What is the value of 1 + -34 - (20 - (25 + 6))?
-22
Calculate 224 - 218 - (1 + 0).
5
What is the value of 4 + (6 - (10 + 5)) + 5?
0
Evaluate (-1 - (-21 - -6)) + -24.
-10
Calculate (-26 - (-3 - 16)) + -2.
-9
What is 13 - (10 - (-12 + 0))?
-9
Calculate -1 + -1 + 22 - 9.
11
What is -1 + -4 + (5 - (-1 + 4) - -15)?
12
What is 11 + 1 - (-356 + 370)?
-2
Calculate -1 - -5 - (-21 - (-21 - -1)).
5
29 + -7 + (-35 + 15 - -11)
13
Calculate 5 + (-106 - -110 - (-6 - -1)).
14
Calculate 0 + -6 + 14 + -1 + 214 + -218.
3
Calculate -3 - (-11 - (10 - 13) - -4).
1
12 + (3 - 11 - -5)
9
Calculate (-190 - -197) + (1 - (-2 + 7) - 3).
0
What is 4 + ((9 - 6) + -5 - -5) + 3?
10
What is the value of 0 + 31 + (22 - (38 + -5))?
20
What is the value of (1 - 4) + (14 - (5 - -8)) + 8?
6
What is (-7 - -2 - -13) + -4 + 4?
8
What is -10 + 8 - (-2 - (7 + 6 + 2))?
15
What is the value of (21 - (16 + -14)) + (-3 - 1)?
15
Calculate 469 + -498 - (1 + -12).
-18
What is 65 + -10 + -33 + -18?
4
Calculate (8 - (2 + 0)) + (4 + 1 - 2).
9
What is the value of 1 + -11 - (-9 - -7) - 9?
-17
3 + -1 + (258 - 291)
-31
Evaluate (4 - (-1 - -3) - 0 - -1) + -10.
-7
-1 + 18 + -2 + (1572 - 1565)
22
What is the value of (-7 + 12 - (4 - 2)) + 10 + -2?
11
Evaluate 253 + -246 - (-1 - -1).
7
What is the value of (-8 + 6 + 3 - 6) + 0 + -3?
-8
What is the value of 43 - (1 + 19) - 14?
9
Calculate -1 - (0 + -3) - (-28 - -35).
-5
What is the value of 8 + (-4 - -7) - 14 - 6?
-9
Calculate 7 + -35 + 21 + 0 + 19.
12
Calculate -10 + (-22 + 16 - -9).
-7
What is the value of (-1 - 12) + (-4 - 2 - -3) + 5?
-11
What is -1 - 9 - -13 - 6?
-3
What is 2 + (2 - -14 - -5) - (0 - -2)?
21
What is -13 + (14 - -4 - -7)?
12
What is the value of (-15 - -17 - 9) + 16 + 2?
11
What is the value of 27 + 9 + (-13 - 6) + (9 - 2)?
24
Calculate 1 + 2 + -6 + 1 + -15.
-17
What is -13 + (-29 - -17 - (-3 - 3) - -8)?
-11
What is the value of -10 + 25 + -4 + -4 - 10?
-3
What is 0 + -7 - (8 + 1 + (1 - -10))?
-27
What is (62 - 57) + (10 - ((-2 - -2) + 0))?
15
What is the value of 4 + (13 - 37) - -16?
-4
What is the value of 20 - (11 + -4 + -2)?
15
What is 14 - 41 - (-3 + (3 - 9) + 3)?
-21
-2 + 2 + 2 - ((1 - -11) + -20)
10
Evaluate -32 + (-6 - -24) + 21 + 4 + -1.
10
-1 + (7 - 0) + -4 + 3
5
-11 + (-8 - -16) + 3 + -31
-31
What is 16 - (49 - (9 - -8))?
-16
Calculate (-5 - -15) + -22 - -6.
-6
What is (-1 + -3 + 4 - 7) + (-12 - -12)?
-7
Calculate 0 - (-24 - (-3 + 1)) - (-17 - -21).
18
Calculate (-3 - -10) + -13 + (0 - (-10 - -5)).
-1
What is 14 + -2 - (-5 - -3)?
14
Calculate (30 + -15 - 20) + -7.
-12
What is the value of -1 - (-11 + (-18 - -11 - -17))?
0
-14 + 32 + -32 - -7
-7
What is 37 + (-45 - 36) + 15?
-29
What is the value of 1 + 25 + -11 - 9 - (16 - 1)?
-9
Calculate 2 - (3 + 2) - (-282 - -288).
-9
Evaluate 52 - (44 + -1) - (1 + -1 + -2).
11
Calculate -5 + (1 + -6 - (6 + -20)).
4
Evaluate -18 + (10 - 9) - 20.
-37
What is the value of -5 + 2 - (13 - (13 + -1 + 6))?
2
What is -35 - ((27 - 48) + -4)?
-10
What is the value of 1 + -18 - (0 + (-2 - -9) + -12)?
-12
Calculate (3 + -1 - 11) + -7 - (-9 - -2).
-9
3 + 13 - (2 + 16 + 16)
-18
What is (-2 - (2 + -1 + -23 + 19)) + -17?
-16
What is 8 + (17 - (5 + 7)) + 1 + -2?
12
(-6 + 51 - (25 - 20)) + -17
23
(6 - (-14 - -17)) + 2 + 23
28
Calculate -5 + (3 - 4) + -7 + 3 + 27.
17
(-17 + 11 - -23) + -1
16
What is the value of 343 + -371 - ((-22 - 0) + 4)?
-10
What is the value of -3 - (8 + (19 - 34))?
4
What is (-21 + 8 - 3) + 21?
5
-12 + 15 + (2 - -5 - (0 + 0))
10
What is (-18 - (13 + -22)) + 5?
-4
Evaluate -4 - 7 - (-111 - -89).
11
Evaluate (15 - -13) + ((6 - 1) + -1 - 4).
28
Calculate 7 + -30 + 12 + 0.
-11
What is -18 - (-16 + (24 - 17))?
-9
Evaluate (0 - 1) + (-100 - -91).
-10
Evaluate -2 - (-22 + 18 + 9 + (-1 - -1)).
-7
Evaluate -4 + 10 + 11 + -15 + -17.
-15
What is the value of 6 - ((8 - ((-2 - -10) + -9)) + 5)?
-8
What is the value of -2 - (-8 - -2) - (-3 + -1 + 1)?
7
What is the value of 27 - (-12 - (-29 - (-1 + -1)))?
12
What is the value of 1 + -12 + (10 - (-14 + 17))?
-4
-17 + 13 + 14 + -14
-4
What is 0 - 2 - 14 - (41 + -35 - 12)?
-10
(-1 - (-2 + 10) - -8 - 13) + -2
-16
Calculate -2 - (7 - 15) - 6 - (0 + 6).
-6
What is 266 + -257 - (0 + -15)?
24
What is -20 + (-35 - (-7 - 19))?
-29
What is -27 + (-13 - -45) - (1 - (-11 + -1))?
-8
What is (3 - 3) + -1 + (-4 - (-19 - -8))?
6
Calculate (3 - (24 - 15)) + -5.
-11
What is -551 + 529 - (0 + -25)?
3
What is (-10 - (-4 + -16)) + 6 - 7?
9
Calculate 12 + 5 + -8 + 7 - 7.
9
22 + -3 + (0 - ((4 - -4) + -1))
12
Evaluate 9 + -30 - -32 - (21 + -1).
-9
-4 - ((-13 - 5) + 17)
-3
What is the value of (364 - 374) + (-1 - -1 - 0) + 4?
-6
What is the value of -17 - (25 - (16 - 5) - 29)?
-2
Calculate 5 - (14 + (-11 - -12) - -9).
-19
Calculate -20 + 7 + (-16 + -1 - -3).
-27
What is 23 + (-1 - -1 - 6) - 5?
12
What is 1 + (8 - 4) + (1 - 3)?
3
Calculate 6 + 9 + (7 - (7 - -6)) + -13.
-4
Calculate (-108 - -99) + 2 + -19 - -6.
-20
Evaluate (-13 - 9 - -45) + -34.
-11
Calculate -7 - (-5 - (-3 - -1)) - (35 + -39).
0
What is -13 + (11 + -7 - 0 - 1 - -4)?
-6
What is the value of (36 - (32 - 4)) + 23?
31
-2 + 4 + (1 - 9) + 12 + -1
5
Calculate -5 + 12 + -16 + 29.
20
Calculate 8 - ((8 - -1 - 18) + 10).
7
What is the value of 0 + 1 - (-2 + -4 - (-26 + 32))?
13
Evaluate (-12 - 0) + 4 + 16.
8
Evaluate -16 - -12 - -11 - -4 - (1 - -1).
9
(18 + -34 - -20) + -19
-15
Calculate -1 + 11 + (-31 - (-18 + -9 + 13)).
-7
What is the value of -59 - -29 - (-3 + -13)?
-14
What is the value of (4 + 30 - 1) + (-308 - -298)?
23
Evaluate 0 - -16 - (23 - 36 - -14).
15
What is the value of 6 + (-23 - -9) + 10 + -4 + 8?
6
What is the value of 11 + 16 - 28 - (0 + -1 - -7)?
-7
What is the value of (-30 - 29 - -51) + 0 + -8?
-16
What is 34 - (-9 - -32) - (36 + 1)?
-26
What is (-2 - -9) + (7 - (-8 + 13))?
9
-13 - ((4 - 44) + 21)
6
What is the value of -6 + (-14 - -12 - -5) + -1 + -2?
-6
15 - (-2 - (-12 - -7))
12
Evaluate (2 - -2) + (3 + -12 - (-56 - -31)).
20
What is the value of 26 - 8 - 20 - (11 + -2)?
-11
Calculate 16 + (0 - 14) - 15.
-13
Calculate -2 - (-6 + 7 + -5).
2
27 + 8 - (-103 - -139)
-1
What is -281 + 252 + (14 - 1)?
-16
What is 6 + 2 + (-154 - -175)?
29
-8 - (-2 - (-5 - -1))
-10
-6 - (6 + 19 + -49)
18
Calculate -30 + (-27 - -70) + 9.
22
13 + (-6 - 10) - 0
-3
Evaluate 3 + -4 - (-6 + 5 - (1 - -9)).
10
(42 + -19 - 47) + (1 + 10 - -1)
-12
(11 - 14) + -13 + (1 - -4)
-11
What is the value of -29 + 34 - -6 - 38?
-27
2 + 12 + 1 + -10
5
Evaluate 9 + 9 + (1 - 1) + (5 - 2).
21
0 + (2 - -1) + (-6 - 0)
-3
Calculate (8 - 12) + -1 + -3 - (2 + -1).
-9
Calculate (-2 - ((22 - 0) + -8)) + 9.
-7
What is (-2 - -1 - (29 - 26)) + -2 + -14?
-20
17 - ((-4 - 3) + 15 - -1)
8
What is (-6 - 26) + 18 + 2?
-12
6 + 2 + -4 + -16
-12
-68 - -95 - -2 - (-1 - -1)
29
What is 22 - 1 - (291 - 252)?
-18
Evaluate -6 + 24 + 12 + -7.
23
What is the value of 9 + -2 + -3 - (6 - (-5 - -6))?
-1
(-11 - -45) + -3 + -17
14
Calculate 2 + (-1 + 13 - (87 + -88)).
15
0 - (22 + 6 - (-6 + 16))
-18
What is (-3 - 7 - -17) + -20 - (-1 + -1)?
-11
Calculate -13 - (1 + 8) - -13.
-9
Calculate (-1 - -7) + -24 + 22 + 4.
8
14 - (-14 - (14 - 28))
14
Evaluate 11 - ((-13 - (-1 - 11)) + -3 + -2).
17
(-2